+ 5*b - 1. Let n be u(-6). Suppose -2*f + 81 = -n*f. List the prime factors of f/(-6) + (-2)/(-4).
5
Suppose 2*h + 4 = 2*t - 16, 2*h + 5 = -t. Suppose 2*n - 2 = -d - 0*n, 5*n = -d + t. Suppose d = 2*p - 0*p - 12. What are the prime factors of p?
2, 3
Let x = -13 - -85. List the prime factors of x.
2, 3
Suppose -4*y - 12 = 4*i, i + 10 = -i. Suppose c = y*c. Let p = 2 - c. List the prime factors of p.
2
Let h = 329 - 157. What are the prime factors of h?
2, 43
Suppose 0 = -6*q + q + 15. Let o(s) = -q*s + 1 + 2 + s. What are the prime factors of o(-4)?
11
Suppose -4*a - a - 5*f + 100 = 0, 3*f = -2*a + 37. Let x = 39 - a. List the prime factors of x.
2
Let h(z) = z**2 + 9*z + 10. Let r be h(-8). List the prime factors of (-3 + r)/((-1)/23).
23
Suppose -3*o - 45 = -90. Suppose 2*t - 15 = -t. Let g = o + t. What are the prime factors of g?
2, 5
Suppose -4*j = -6*j + 94. What are the prime factors of j?
47
Suppose -5*j + 120 = -j. List the prime factors of j.
2, 3, 5
What are the prime factors of (-30)/(-4 - (-5 - -2))?
2, 3, 5
Let c = -9 - -12. Suppose -18 + 0 = -c*p + 3*d, -2*p = d - 6. What are the prime factors of p?
2
Let m = 289 - 205. List the prime factors of m.
2, 3, 7
Suppose -64 = -c + 44. What are the prime factors of c?
2, 3
Suppose 0 = 3*u - 0 - 6. Let x be 0 + 0 + 2 + -2. What are the prime factors of u - 0 - (x - 3)?
5
Suppose n + 2*p = 55, n - 6*p + 2*p = 31. List the prime factors of n.
47
List the prime factors of (-1202)/(-5) + 10/(-25).
2, 3, 5
Let q(j) = 3*j**2 + 2*j - 1. Let n be q(1). Let v = -3 - n. Let u(l) = l**3 + 8*l**2 + 7*l + 6. What are the prime factors of u(v)?
2, 3
Suppose -2*h - 5*m + 41 = 8, 0 = 5*h - 4*m. Suppose 5*q = 4*p - 12, h*p = 5*p + q - 3. What are the prime factors of p?
3
Let g be (21/9 + -3)*-21. Suppose 51 + g = 5*w. What are the prime factors of w?
13
Let f(a) be the first derivative of a**4/4 - 4*a**3/3 + 2*a**2 - 3*a - 3. Let s be f(3). Suppose s = 6*b - 3*b - 30. What are the prime factors of b?
2, 5
Let r = 3 + 1. Suppose -r*j = -j. Suppose j = 2*c + 2 - 8. What are the prime factors of c?
3
Suppose -5 = d - 0*r - 5*r, -3*d - 15 = -4*r. Let b be (-24)/9*(d - -2). Suppose 0 = 3*z - 19 - b. What are the prime factors of z?
3
Let v(j) = j**3 - 5*j**2 + 2. Let b be v(5). Let p(r) = 3*r**2 - r. List the prime factors of p(b).
2, 5
What are the prime factors of (-462)/(-24) - (-2)/(-8)?
19
Let g(c) = -39*c - 110. What are the prime factors of g(-6)?
2, 31
Let h(d) be the third derivative of 0 + 1/12*d**4 - 3*d**2 + 1/3*d**3 + 0*d. What are the prime factors of h(0)?
2
Let w be ((0 + 2)*-1)/(-1). Suppose -r - w*r + 39 = 0. What are the prime factors of r?
13
Let s(w) = 8*w**2 + w. Let l(v) = -v**3 + 4*v**2 - 2*v - 4. Let y be l(3). List the prime factors of s(y).
7
Let j be (-10 - -25)*4/6. What are the prime factors of (-21)/35 - (-86)/j?
2
List the prime factors of (-77)/33*24/(-2).
2, 7
Let r be (-1 - -2) + 1 - -1. Suppose -u + 40 = r*u. Let q = -4 + u. What are the prime factors of q?
2, 3
Let w be ((-52)/8)/((-1)/2). Suppose -4*q = -5*j - w, -3*q - j - 3*j + 2 = 0. Suppose 2*a - 16 - 12 = -5*l, -q*a = -4*l - 10. List the prime factors of a.
3
Let a be (-2)/((-1)/2*1). Suppose 3*o - 4*o + a = 0. List the prime factors of o.
2
Let y(t) = t**3 + 12*t**2 + 12*t + 12. Let i be y(-11). Let n(x) = 11*x**3 - x**2 - x + 1. What are the prime factors of n(i)?
2, 5
Suppose 22*r = 23*r + 5. List the prime factors of -1*(r + -4 - 4).
13
Suppose -3*r = -2*o + 10, -4 = 3*r - 5*o + 21. Suppose 3*f = 3, r = -2*j + f + 12 + 13. What are the prime factors of j?
13
Let f(h) = h**2 + 2*h. Let u be f(-2). Suppose 4*v + 2*n - 30 = u, v + 3*v = -n + 31. List the prime factors of v.
2
Let m(o) = -8*o**3 + o**2 - o. Let k(j) = j + 4. Let u be k(-3). Let r be m(u). List the prime factors of 46/8 - 2/r.
2, 3
Let l(k) = 5*k - 2. What are the prime factors of l(2)?
2
Let a = 66 + 30. List the prime factors of (-9)/6*a/(-9).
2
Suppose 5*z - 140 = -4*c, -3*c + z + 105 = 3*z. What are the prime factors of c?
5, 7
Suppose -3*j = 4*m - 47, -m + 3 = -2. Suppose -6 = -c + j. What are the prime factors of c?
3, 5
Let w(c) = -4*c + 13. What are the prime factors of w(-13)?
5, 13
Suppose 6 = q - 81. List the prime factors of q.
3, 29
Let x(y) = -y**3 - 5*y**2 + 5*y - 2. What are the prime factors of x(-7)?
61
Suppose 0 = -4*t + 8. Suppose -4*c - x = 0, 0 = 5*c + x - 3 + t. Suppose 3*u + 5*p - 31 = 0, 5*u = -3*p + 24 + c. List the prime factors of u.
2
Let r(f) = 2*f - 11. Let z be r(7). Let w = z + 3. What are the prime factors of w?
2, 3
Suppose 2*d = y + 22, 0*y = -3*y + 3*d - 54. Let s = y - -21. List the prime factors of s.
7
Suppose f + 4*o - 223 = -2*f, f - 4*o - 69 = 0. What are the prime factors of f?
73
Let y = -46 + 93. Let j = y + -22. What are the prime factors of j?
5
Let k = 85 + -35. Suppose -4*j + k = j. What are the prime factors of j?
2, 5
What are the prime factors of (-1)/(-4) - 26375/(-100)?
2, 3, 11
Let m(g) = -g + 15. List the prime factors of m(-15).
2, 3, 5
Suppose -51 = -5*r - f, 0*f = 3*r - f - 37. Let b = r - 2. What are the prime factors of b?
3
Suppose 3*i - 3*u = -3, 5*i = 2*i + u + 5. Suppose -4*p + 0*r = i*r - 69, 5*p - 63 = 4*r. What are the prime factors of p?
3, 5
Let a = -17 - -20. Suppose 20 = 5*l - a*l. What are the prime factors of l?
2, 5
Let x(s) = s - 4*s + 3*s + 2*s. List the prime factors of x(3).
2, 3
Let g(w) = 74*w. Let q be g(-1). Let t = 134 + q. Suppose -4*p = -0*p - t. What are the prime factors of p?
3, 5
Let t = -3 - -85. List the prime factors of t.
2, 41
Let m be -3 + 4/(12/39). Let l = 21 - m. What are the prime factors of l?
11
Let n = -8 + 18. Suppose p - n = 5*r + 13, r = -3*p + 21. List the prime factors of p.
2
Suppose -100 = -5*s + 55. What are the prime factors of s?
31
Let s = 91 - 55. List the prime factors of s.
2, 3
What are the prime factors of (-716)/(-18) - 12/(-54)?
2, 5
Suppose 3*v - p = 29, 0*v + 5*p = 5*v - 55. Let a = 1 + v. What are the prime factors of a?
2, 5
Suppose 3 + 17 = 4*a. Suppose -5*m = -a*p + 50, 5*p - 3*m - 27 = 15. Suppose n - 25 = -4*i + 4*n, -p = 2*n. What are the prime factors of i?
2
Suppose 5*c + 98 = 4*l, 0*l + 4*c = 5*l - 127. List the prime factors of l.
3
Suppose -k + 4*d = 19, 0*k + d - 3 = 2*k. Let l be ((-30)/24)/(k/4). Let m = l + 13. List the prime factors of m.
2
Let g be ((-150)/8)/(12/(-32)). Suppose -14 + g = 4*i. What are the prime factors of i?
3
Suppose -9 = 5*t - 4. List the prime factors of t/((-2)/(-15))*-2.
3, 5
Let g = 19 - -24. What are the prime factors of g?
43
Suppose -3*s = -2*s - 2*n + 2, -2*s - 5*n = -32. Suppose 4*i = -3*l + s, -4 = -4*l - 5*i + 5. What are the prime factors of l?
2, 3
Let m(o) = 2*o + 5. Suppose -25 = -3*w + z, 4*w - 25 = -z + 4*z. List the prime factors of m(w).
5
Suppose -2*q - 63 = -5*z - 0*q, 0 = z + 5*q + 9. List the prime factors of z.
11
Let h(s) be the second derivative of -s**5/20 - s**4/6 - 5*s**3/6 - 2*s**2 + 2*s. What are the prime factors of h(-3)?
2, 5
Suppose 3*d = 1 + 29. Let l = d - 7. Suppose -15 = l*s - 8*s. What are the prime factors of s?
3
Let k(i) = i**2 + 6*i + 2. Let m be k(-6). Let d(f) = -f**3 - 5*f**2 + f + 7. Let s be d(-5). Suppose -s*c = m*c - 56. List the prime factors of c.
2, 7
Let l be (2/(-5))/(3/(-45)). What are the prime factors of l/15*2*25?
2, 5
Let u = 476 + -277. What are the prime factors of u?
199
Let b(m) = m**3 - 2*m**2 - m + 69. What are the prime factors of b(0)?
3, 23
Let m be 60/35*(-7)/(-2). List the prime factors of m/9 - (-92)/6.
2
Let m(s) = -s - 1. Let d be m(-1). Suppose d*h + 12 = h. List the prime factors of h.
2, 3
Let c = 34 - 24. Let k = 9 + -5. Let f = c - k. What are the prime factors of f?
2, 3
Suppose -17 = 3*d - 2. Let x be 0/1 - (d - 0). Suppose -5*f = 5*z - 2*z - 34, x*z + 2*f - 44 = 0. What are the prime factors of z?
2
Let w = 3 + -1. Suppose 4*k = -j + k + 11, -55 = -5*j - w*k. List the prime factors of j.
11
Suppose 3*b - 174 = 3*p, -197 - 99 = -5*b + 2*p. Suppose b + 56 = 4*s. List the prime factors of s.
29
Suppose 5*b + 315 + 47 = 3*g, -4*g = -b - 460. Suppose z - 38 = -2*x, -5*z = -x - g - 21. List the prime factors of z.
2, 7
Let o = -4 - -6. Suppose -16 = -2*t - o. What are the prime factors of t?
7
Let p(g) = -g**3